{"id":2698,"date":"2021-03-17T11:20:55","date_gmt":"2021-03-17T10:20:55","guid":{"rendered":"https:\/\/www.amelinecreation.com\/?page_id=2698"},"modified":"2021-04-07T11:16:42","modified_gmt":"2021-04-07T09:16:42","slug":"news_1-fasciatoio","status":"publish","type":"page","link":"https:\/\/www.amelinecreation.com\/index.php\/news_1-fasciatoio\/","title":{"rendered":"Extra_2_fasciatoio"},"content":{"rendered":"\t\t<div data-elementor-type=\"wp-page\" data-elementor-id=\"2698\" class=\"elementor elementor-2698\" data-elementor-settings=\"[]\">\n\t\t\t\t\t\t<div class=\"elementor-inner\">\n\t\t\t\t\t\t\t<div class=\"elementor-section-wrap\">\n\t\t\t\t\t\t\t<section class=\"elementor-section elementor-top-section elementor-element elementor-element-82580a1 elementor-section-boxed elementor-section-height-default elementor-section-height-default\" data-id=\"82580a1\" data-element_type=\"section\">\n\t\t\t\t\t\t<div class=\"elementor-container elementor-column-gap-default\">\n\t\t\t\t\t\t\t<div class=\"elementor-row\">\n\t\t\t\t\t<div class=\"elementor-column elementor-col-100 elementor-top-column elementor-element elementor-element-8c3b682\" data-id=\"8c3b682\" data-element_type=\"column\">\n\t\t\t<div class=\"elementor-column-wrap elementor-element-populated\">\n\t\t\t\t\t\t\t<div class=\"elementor-widget-wrap\">\n\t\t\t\t\t\t<section class=\"elementor-section elementor-inner-section elementor-element elementor-element-b1ba60e elementor-section-boxed elementor-section-height-default elementor-section-height-default\" data-id=\"b1ba60e\" data-element_type=\"section\">\n\t\t\t\t\t\t<div class=\"elementor-container elementor-column-gap-default\">\n\t\t\t\t\t\t\t<div class=\"elementor-row\">\n\t\t\t\t\t<div class=\"elementor-column elementor-col-50 elementor-inner-column elementor-element elementor-element-29fb7dc\" data-id=\"29fb7dc\" data-element_type=\"column\">\n\t\t\t<div class=\"elementor-column-wrap elementor-element-populated\">\n\t\t\t\t\t\t\t<div class=\"elementor-widget-wrap\">\n\t\t\t\t\t\t<div class=\"elementor-element elementor-element-6c50b5d elementor-widget elementor-widget-image\" data-id=\"6c50b5d\" data-element_type=\"widget\" data-widget_type=\"image.default\">\n\t\t\t\t<div class=\"elementor-widget-container\">\n\t\t\t\t\t<div class=\"elementor-image\">\n\t\t\t\t\t\t\t\t\t\t<img width=\"901\" height=\"901\" src=\"https:\/\/www.amelinecreation.com\/wp-content\/uploads\/2021\/01\/Fasciatoio_5.jpg\" class=\"attachment-large size-large\" alt=\"\" loading=\"lazy\" srcset=\"https:\/\/www.amelinecreation.com\/wp-content\/uploads\/2021\/01\/Fasciatoio_5.jpg 901w, https:\/\/www.amelinecreation.com\/wp-content\/uploads\/2021\/01\/Fasciatoio_5-300x300.jpg 300w, https:\/\/www.amelinecreation.com\/wp-content\/uploads\/2021\/01\/Fasciatoio_5-150x150.jpg 150w, https:\/\/www.amelinecreation.com\/wp-content\/uploads\/2021\/01\/Fasciatoio_5-768x768.jpg 768w\" sizes=\"(max-width: 901px) 100vw, 901px\" \/>\t\t\t\t\t\t\t\t\t\t\t<\/div>\n\t\t\t\t<\/div>\n\t\t\t\t<\/div>\n\t\t\t\t\t\t<\/div>\n\t\t\t\t\t<\/div>\n\t\t<\/div>\n\t\t\t\t<div class=\"elementor-column elementor-col-50 elementor-inner-column elementor-element elementor-element-201bfbe\" data-id=\"201bfbe\" data-element_type=\"column\">\n\t\t\t<div class=\"elementor-column-wrap elementor-element-populated\">\n\t\t\t\t\t\t\t<div class=\"elementor-widget-wrap\">\n\t\t\t\t\t\t<div class=\"elementor-element elementor-element-c67efa9 elementor-widget elementor-widget-heading\" data-id=\"c67efa9\" data-element_type=\"widget\" data-widget_type=\"heading.default\">\n\t\t\t\t<div class=\"elementor-widget-container\">\n\t\t\t<h2 class=\"elementor-heading-title elementor-size-xl\">Il fasciatoio perfetto...<\/h2>\t\t<\/div>\n\t\t\t\t<\/div>\n\t\t\t\t<div class=\"elementor-element elementor-element-aad7628 elementor-widget elementor-widget-text-editor\" data-id=\"aad7628\" data-element_type=\"widget\" data-widget_type=\"text-editor.default\">\n\t\t\t\t<div class=\"elementor-widget-container\">\n\t\t\t\t\t<div class=\"elementor-text-editor elementor-clearfix\"><p>Questo oggetto \u00e8 uno tra i miei lavori di maggior successo e forse anche tra i miei preferiti, anche perch\u00e9 ne ho fatti tanti nel tempo prima di arrivare a perfezionarlo a dovere! Leggero, pratico e facilmente lavabile in lavatrice a 30\u00b0, misura approssimativamente 65&#215;48 cm \u00e8 facilmente richiudibile con bottoni automatici di plastica talmente piccoli che non danno nessun fastidio al bambino! Insomma, un oggetto veramente utile per tutte le mamme come me, sempre in movimento e soprattutto, una volta chiuso, diventa talmente piccolo che, in borsa, vi consentir\u00e0 di portarvi tante e tante altre cosine.<\/p><p>Unico rammarico: ormai le mie bimbe non portano pi\u00f9 il pannolino!&#8230; <img class=\"emoji\" role=\"img\" draggable=\"false\" src=\"https:\/\/s.w.org\/images\/core\/emoji\/13.0.1\/svg\/1f609.svg\" alt=\"\ud83d\ude09\" \/><\/p><p><span class=\"\"><strong>Si compone di tre strati di materiali diversi:<\/strong><br \/><strong>1.<\/strong> Il primo, ovviamente, \u00e8 lo strato esterno, in morbido cotone ricamato e personalizzato, che gli conferisce quel tocco di allegria e glamour al tempo stesso;<br \/><strong>2.<\/strong> Il secondo, \u00e8 uno strato in ovatta (cellulosa), che serve a conferire morbidezza ed elasticit\u00e0 al prodotto senza per\u00f2 appesantirlo. Non si tratta della solita imbottitura facilmente reperibile, bens\u00ec di un tipo molto particole che arriva dal mercato americano;<br \/><strong>3.<\/strong> Infine, l\u2019ultimo strato \u00e8 in cotone plastificato per essere idrorepellente in caso di fuoriuscite di pip\u00ec e all\u2019occorrenza facilmente ripulibile con una semplice salvietta.<\/span><\/p><\/div>\n\t\t\t\t<\/div>\n\t\t\t\t<\/div>\n\t\t\t\t<div class=\"elementor-element elementor-element-16798dd elementor-widget elementor-widget-image-gallery\" data-id=\"16798dd\" data-element_type=\"widget\" data-widget_type=\"image-gallery.default\">\n\t\t\t\t<div class=\"elementor-widget-container\">\n\t\t\t\t\t<div class=\"elementor-image-gallery\">\n\t\t\t<div id='gallery-1' class='gallery galleryid-2698 gallery-columns-4 gallery-size-thumbnail'><figure class='gallery-item'>\r\n\t\t\t<div class='gallery-icon landscape'>\r\n\t\t\t\t<a data-elementor-open-lightbox=\"yes\" data-elementor-lightbox-slideshow=\"16798dd\" data-elementor-lightbox-title=\"Fasciatoio_0\" href='https:\/\/www.amelinecreation.com\/wp-content\/uploads\/2021\/01\/Fasciatoio_0.jpg'><img width=\"150\" height=\"150\" src=\"https:\/\/www.amelinecreation.com\/wp-content\/uploads\/2021\/01\/Fasciatoio_0-150x150.jpg\" class=\"attachment-thumbnail size-thumbnail\" alt=\"\" loading=\"lazy\" srcset=\"https:\/\/www.amelinecreation.com\/wp-content\/uploads\/2021\/01\/Fasciatoio_0-150x150.jpg 150w, https:\/\/www.amelinecreation.com\/wp-content\/uploads\/2021\/01\/Fasciatoio_0-300x300.jpg 300w, https:\/\/www.amelinecreation.com\/wp-content\/uploads\/2021\/01\/Fasciatoio_0-768x768.jpg 768w, https:\/\/www.amelinecreation.com\/wp-content\/uploads\/2021\/01\/Fasciatoio_0.jpg 901w\" sizes=\"(max-width: 150px) 100vw, 150px\" \/><\/a>\r\n\t\t\t<\/div><\/figure><figure class='gallery-item'>\r\n\t\t\t<div class='gallery-icon landscape'>\r\n\t\t\t\t<a data-elementor-open-lightbox=\"yes\" data-elementor-lightbox-slideshow=\"16798dd\" data-elementor-lightbox-title=\"Fasciatoio_4\" href='https:\/\/www.amelinecreation.com\/wp-content\/uploads\/2021\/01\/Fasciatoio_4.jpg'><img width=\"150\" height=\"150\" src=\"https:\/\/www.amelinecreation.com\/wp-content\/uploads\/2021\/01\/Fasciatoio_4-150x150.jpg\" class=\"attachment-thumbnail size-thumbnail\" alt=\"\" loading=\"lazy\" srcset=\"https:\/\/www.amelinecreation.com\/wp-content\/uploads\/2021\/01\/Fasciatoio_4-150x150.jpg 150w, https:\/\/www.amelinecreation.com\/wp-content\/uploads\/2021\/01\/Fasciatoio_4-300x300.jpg 300w, https:\/\/www.amelinecreation.com\/wp-content\/uploads\/2021\/01\/Fasciatoio_4-768x768.jpg 768w, https:\/\/www.amelinecreation.com\/wp-content\/uploads\/2021\/01\/Fasciatoio_4.jpg 901w\" sizes=\"(max-width: 150px) 100vw, 150px\" \/><\/a>\r\n\t\t\t<\/div><\/figure><figure class='gallery-item'>\r\n\t\t\t<div class='gallery-icon landscape'>\r\n\t\t\t\t<a data-elementor-open-lightbox=\"yes\" data-elementor-lightbox-slideshow=\"16798dd\" data-elementor-lightbox-title=\"Fasciatoio_3\" href='https:\/\/www.amelinecreation.com\/wp-content\/uploads\/2021\/01\/Fasciatoio_3.jpg'><img width=\"150\" height=\"150\" src=\"https:\/\/www.amelinecreation.com\/wp-content\/uploads\/2021\/01\/Fasciatoio_3-150x150.jpg\" class=\"attachment-thumbnail size-thumbnail\" alt=\"\" loading=\"lazy\" srcset=\"https:\/\/www.amelinecreation.com\/wp-content\/uploads\/2021\/01\/Fasciatoio_3-150x150.jpg 150w, https:\/\/www.amelinecreation.com\/wp-content\/uploads\/2021\/01\/Fasciatoio_3-300x300.jpg 300w, https:\/\/www.amelinecreation.com\/wp-content\/uploads\/2021\/01\/Fasciatoio_3-768x768.jpg 768w, https:\/\/www.amelinecreation.com\/wp-content\/uploads\/2021\/01\/Fasciatoio_3.jpg 901w\" sizes=\"(max-width: 150px) 100vw, 150px\" \/><\/a>\r\n\t\t\t<\/div><\/figure><figure class='gallery-item'>\r\n\t\t\t<div class='gallery-icon landscape'>\r\n\t\t\t\t<a data-elementor-open-lightbox=\"yes\" data-elementor-lightbox-slideshow=\"16798dd\" data-elementor-lightbox-title=\"Fasciatoio_2\" href='https:\/\/www.amelinecreation.com\/wp-content\/uploads\/2021\/01\/Fasciatoio_2.jpg'><img width=\"150\" height=\"150\" src=\"https:\/\/www.amelinecreation.com\/wp-content\/uploads\/2021\/01\/Fasciatoio_2-150x150.jpg\" class=\"attachment-thumbnail size-thumbnail\" alt=\"\" loading=\"lazy\" srcset=\"https:\/\/www.amelinecreation.com\/wp-content\/uploads\/2021\/01\/Fasciatoio_2-150x150.jpg 150w, https:\/\/www.amelinecreation.com\/wp-content\/uploads\/2021\/01\/Fasciatoio_2-300x300.jpg 300w, https:\/\/www.amelinecreation.com\/wp-content\/uploads\/2021\/01\/Fasciatoio_2-768x768.jpg 768w, https:\/\/www.amelinecreation.com\/wp-content\/uploads\/2021\/01\/Fasciatoio_2.jpg 901w\" sizes=\"(max-width: 150px) 100vw, 150px\" \/><\/a>\r\n\t\t\t<\/div><\/figure>\r\n\t\t<\/div>\n\t\t<\/div>\n\t\t\t\t<\/div>\n\t\t\t\t<\/div>\n\t\t\t\t\t\t<\/div>\n\t\t\t\t\t<\/div>\n\t\t<\/div>\n\t\t\t\t\t\t\t\t<\/div>\n\t\t\t\t\t<\/div>\n\t\t<\/section>\n\t\t\t\t\t\t<\/div>\n\t\t\t\t\t<\/div>\n\t\t<\/div>\n\t\t\t\t\t\t\t\t<\/div>\n\t\t\t\t\t<\/div>\n\t\t<\/section>\n\t\t\t\t\t\t<\/div>\n\t\t\t\t\t\t<\/div>\n\t\t\t\t\t<\/div>\n\t\t","protected":false},"excerpt":{"rendered":"<p>Il fasciatoio perfetto&#8230; Questo oggetto \u00e8 uno tra i miei lavori di maggior successo e forse anche tra i miei preferiti, anche perch\u00e9 ne ho fatti tanti nel tempo prima di arrivare a perfezionarlo a dovere! Leggero, pratico e facilmente lavabile in lavatrice a 30\u00b0, misura approssimativamente 65&#215;48 cm \u00e8 facilmente richiudibile con bottoni automatici &hellip;<\/p>\n<p class=\"read-more\"> <a class=\"\" href=\"https:\/\/www.amelinecreation.com\/index.php\/news_1-fasciatoio\/\"> <span class=\"screen-reader-text\">Extra_2_fasciatoio<\/span> Leggi altro &raquo;<\/a><\/p>\n","protected":false},"author":1,"featured_media":0,"parent":0,"menu_order":0,"comment_status":"closed","ping_status":"closed","template":"","meta":[],"_links":{"self":[{"href":"https:\/\/www.amelinecreation.com\/index.php\/wp-json\/wp\/v2\/pages\/2698"}],"collection":[{"href":"https:\/\/www.amelinecreation.com\/index.php\/wp-json\/wp\/v2\/pages"}],"about":[{"href":"https:\/\/www.amelinecreation.com\/index.php\/wp-json\/wp\/v2\/types\/page"}],"author":[{"embeddable":true,"href":"https:\/\/www.amelinecreation.com\/index.php\/wp-json\/wp\/v2\/users\/1"}],"replies":[{"embeddable":true,"href":"https:\/\/www.amelinecreation.com\/index.php\/wp-json\/wp\/v2\/comments?post=2698"}],"version-history":[{"count":23,"href":"https:\/\/www.amelinecreation.com\/index.php\/wp-json\/wp\/v2\/pages\/2698\/revisions"}],"predecessor-version":[{"id":3139,"href":"https:\/\/www.amelinecreation.com\/index.php\/wp-json\/wp\/v2\/pages\/2698\/revisions\/3139"}],"wp:attachment":[{"href":"https:\/\/www.amelinecreation.com\/index.php\/wp-json\/wp\/v2\/media?parent=2698"}],"curies":[{"name":"wp","href":"https:\/\/api.w.org\/{rel}","templated":true}]}}